2 - 17*s. Suppose 2*k + 12 = -4*l, l - 2*l = 3*k - 2. Suppose k*m + 4 = 12. Give b(m).
10
Let q(z) = -7*z**2 + z - 1. Suppose 0 = -b - 3*d + 1, -d = -5*b + 3*d + 24. Suppose -b*o - 16 = -5*l, -o + 6*l - 15 = 2*l. Give q(o).
-7
Suppose -3*a - 141 = -6*a. Suppose w - 89 = -2*o, -o + 344 = 4*w - a. Let d(u) = -91 + u - w + 189. Give d(2).
1
Suppose -4*c - 18 = -38. Let t(r) be the third derivative of 0 - 7/24*r**4 - 3*r**2 - 7/6*r**3 + 0*r + 1/120*r**6 + 1/15*r**c. What is t(-5)?
3
Let z(n) = -2 + 18*n - 5*n + 18 + 7. Let t(l) = -l - 2. Let q(b) = 1. Let m(w) = -q(w) - 6*t(w). Let d(a) = -9*m(a) + 4*z(a). What is d(-7)?
7
Let n(p) be the second derivative of p**4/24 + p**3/6 + 11*p**2/2 - p + 2. Let d(g) be the first derivative of n(g). Determine d(7).
8
Suppose 5*b - 66 = 4*q, -4*q - 951 + 993 = b. Let p(u) = -u**2 + 16*u + 30. Give p(b).
-6
Let m(y) be the first derivative of 0*y**2 - 7*y - 10/3*y**3 - 179 - 1/4*y**4. Calculate m(-10).
-7
Let r(l) = -1170*l - 15. Let c(b) = 71*b + 1. Let v(f) = -99*c(f) - 6*r(f). What is v(-3)?
18
Suppose -3*y - 10 = -2*y - 4*n, -7 = 2*y + 5*n. Let l(z) be the second derivative of -z**5/20 - 5*z**4/12 + 7*z**3/6 + z**2 + 2*z - 1518. Calculate l(y).
-4
Let m(w) be the third derivative of w**6/120 - w**5/6 - 11*w**4/24 + 49*w**3/3 - 143*w**2 - 12*w. What is m(10)?
-12
Let z(i) = 8*i**3 + 9*i + 4. Let r(n) = -7*n**3 - n**2 - 8*n - 5. Let a(v) = 7*r(v) + 6*z(v). Give a(-6).
-35
Suppose 3*a + 2*q = -q + 21, -4*a - 5*q + 30 = 0. Suppose -w - a = 0, 18 = 4*k + 2*w - 4*w. Let n(o) = -3*o**2 + 17 - 39 - o + 3*o**3 + 24. Calculate n(k).
12
Let o(p) = 48*p - 6. Let z(l) = -l**2 - 168*l - 1870. Let t be z(-12). Determine o(t).
90
Let c(u) = u**3 - 6*u**2 - 6*u - 2. Let t be ((-2)/(-7))/(22/308). Suppose t*x - 195 = -167. What is c(x)?
5
Let i(v) = -2*v**3 + v**2 - v. Suppose 18 = -2*y + 4*k, 4*y + 15 = 9*y + 2*k. Let m(o) = -3*o**3 + 3*o**2 - o + 13. Let n(t) = y*m(t) - 2*i(t). What is n(0)?
13
Let p be 32/(-336) - (1/(-14))/(144/612). Let y(g) be the third derivative of 0*g + 4/3*g**3 - p*g**4 + 0 - 12*g**2 + 1/60*g**5. Calculate y(7).
22
Let v(d) = 6*d**3 - 3*d**2 - d + 75. Let p(c) = 5*c**3 - 2*c**2 - 2*c + 60. Let s(z) = 5*p(z) - 4*v(z). Calculate s(-4).
-8
Let t(v) be the first derivative of -v**2/2 + 7*v - 45. Suppose 3*z = 0, -5*p - 2*z = -0*z. Calculate t(p).
7
Let i(f) = -f**3 + 2*f**2 + 5. Let j be i(0). Suppose -15 = 3*o, 5*z - 45 = 7*z + j*o. Let r(w) = w**2 + 10*w - 4. What is r(z)?
-4
Let z = -3876 + 11630/3. Let c(s) be the third derivative of -1/12*s**5 + 1/120*s**6 + 3*s**2 - z*s**3 + 0*s - 1/6*s**4 + 0. Give c(6).
8
Let g = 287 - 275. Let d(u) = 92 + g*u - 91 + 4*u. What is d(-2)?
-31
Suppose -2*n + 8 = h - 0*h, -5*n + 4*h = -7. Suppose -17*t = -23*t + 90. Let y(p) = t*p**n - 14*p**3 - 3 + p + 0*p**3 - 2*p**2. Determine y(3).
9
Let g be 1/((-4)/6) - 460/(-8). Let j = -57 + g. Let z(m) = -2*m + m + m**3 - m**2 + 5*m**3 + 2*m**3. Give z(j).
-8
Let s(y) = 101876*y - 203744*y + 101873*y - 217. Give s(41).
-12
Suppose -9*j - 1358 = -107. Let r = j - -141. Let x(d) = -4*d**r - 3*d**2 + 6*d**2 + 2 + 4*d. What is x(3)?
5
Suppose -10*t - 5*t = 18*t + 132. Let q(r) = -8*r - 7. Calculate q(t).
25
Let j(g) = g**3 + 3*g**2 - 2*g + 2. Let u be (12 - 4)/((-6)/(-3)). Let a be u/14 - -1*372/21. Suppose -3*o - 30 = -a. Determine j(o).
-6
Suppose -33 = -3*p + 3*d, 5*p - 5*d + 2*d = 55. Let n(g) be the second derivative of -g**3/6 - g**2/2 - 30*g - 150. Give n(p).
-12
Let q(l) be the third derivative of l**8/840 - l**6/720 + 17*l**5/20 - 34*l**2. Let i(c) be the third derivative of q(c). Calculate i(-1).
23
Let u(v) = -v**3 - v**2 - 4*v + 1. Let y be -4*(-1)/(-6)*3/1. Let n(j) = 3*j**3 + 9*j**2 + 14*j + 2. Let a(m) = y*u(m) - n(m). What is a(-6)?
-4
Let p(l) = 32 + 42 - 9*l**2 - 77 + 0*l + 9*l + 3*l**2 + l**3. What is p(6)?
51
Let s(h) = 30*h + 5 - 12*h + 3 - 15*h. Let g(z) = -14 - 3*z - 13*z + z - 25. Let d(c) = -5*g(c) - 24*s(c). Give d(-2).
-3
Let d(v) = 3*v**3 + 16*v**2 - 5*v**2 - 10*v - 4*v**3 + 3. Let k = -1204 + 1214. What is d(k)?
3
Let v(q) = -2*q**3 - 2*q**2 + 3*q. Let c(y) = -y**3 - 3*y**2 + 3*y - 1. Let h(l) = 3*c(l) - 2*v(l). Determine h(5).
12
Let v(p) = -p**2 + 13*p - 15. Let t be v(11). Let w(l) = t*l - 9 + l**2 - 6*l + 5*l. Let u be 6/3 + 3 + (-12)/1. Give w(u).
-2
Let t be (-6 - (-140)/21)*(-4 - -7). Let y(i) = 16*i - 2*i + 10*i - 5 + 3. Calculate y(t).
46
Let o(q) be the second derivative of -q**3/6 + 661*q. Let f = -8 + 10. What is o(f)?
-2
Let s(g) = g + 1. Let h(y) = y**2 + y. Let u(v) = 3*v**2 + 7*v + 3. Let x(b) = 2*h(b) - u(b). Let m(d) = -3*s(d) - x(d). Suppose -3*f - 8 = 1. Calculate m(f).
3
Let u be -9*253/(-297) + (-52)/(-12) + -5. Let h(b) = 0*b - b**3 + 2*b**3 - 7*b**2 - 9 + b. Calculate h(u).
-2
Let l(u) be the third derivative of -5/6*u**3 + 1/12*u**5 + 0 - 1/120*u**6 - 17*u**2 + 2*u + 7/24*u**4. Calculate l(6).
1
Let x(r) = -r**3 + 25*r**2 + 9*r - 1. Let s(i) = -i**3 + 35*i**2 + 9*i - 1. Let o(m) = -2*s(m) + 3*x(m). Give o(6).
17
Let u(f) be the second derivative of -4*f**3/3 + 3*f**2/2 + 340*f. Let l = 51 - 46. Calculate u(l).
-37
Let k(x) = -1044*x**2 + 8 + 3*x + 1041*x**2 - 3. Give k(-3).
-31
Let d(c) = -2*c**3 - 5*c**2 + 3*c. Let h(o) = 2*o**2 + 19*o + 36. Let i be h(-3). Determine d(i).
0
Let g(x) = 2*x**2 + 3*x - 1. Suppose l - 20 = -l. Let b be (-1*2)/(l/(-135)). Suppose 0 = -5*h + 37 - b. Calculate g(h).
13
Let k(u) = -6 + 705*u**2 + u - 2132*u**2 + 719*u**2 + 44 + 709*u**2. Calculate k(0).
38
Let q(v) = -v**3 - 9*v**2 - 10*v + 45. Suppose 606*o = 577*o - 203. Calculate q(o).
17
Let p = 195 - 184. Suppose p*f = 2*f - 45. Let m(r) = -r**3 - 6*r**2 - 3*r. What is m(f)?
-10
Let k(j) = -j**3 + 4*j**2 + 5*j - 6. Let f = 6 - 10. Suppose -o = 4*a - 12, 7*a - 9*a + 6 = -5*o. Let v be (o + 1)/(-4*f/64). Give k(v).
14
Suppose 4*g - 3*l - 21 = 0, 4*l + 140 - 128 = 0. Let k(b) be the second derivative of -3*b**2 - 1/3*b**4 + 7*b + 1/20*b**5 + 0 - 2/3*b**g. Calculate k(5).
-1
Let j = -96 + 100. Suppose -5*v + l + 30 = -j*l, -3*v - 3*l = -30. Let x(b) = -4*b + 5*b - 13 + 0*b. Determine x(v).
-5
Let c(f) = 3*f**3 - 21*f**2 - 9*f + 62. Let m be c(7). Let t(o) = 23*o**2 - 5*o - 4. Determine t(m).
24
Let d(u) = -9*u - 15. Let v(t) = -247*t + 1974. Let i be v(8). Determine d(i).
3
Let a(f) = -9*f**2 - f**3 + 5*f**2 - 25*f + 16*f - f**2 - 3*f**2 - 5. Let m = -10 - -4. Give a(m).
-23
Let f(j) = -26*j - 1644. Let i be f(-63). Let k(h) = -2*h**2 - 18*h - 5. Give k(i).
31
Let s(n) = -15*n - 102. Let z(b) = -45*b - 355. Let f(m) = 7*s(m) - 2*z(m). Determine f(0).
-4
Suppose 4*g - 45 = 3*t, -5*t - 42 = -5*g + 13. Let i(x) = -x - g + 12. What is i(4)?
-4
Let o(h) = 21*h - 2604*h**2 + 243 + 2600*h**2 - h**3 - 403 + 222. Give o(-6).
8
Suppose 22 = 3*o - 2*u, -30*o + 25*o + 36 = -3*u. Let k(p) = p**2 - 9*p + 10. Give k(o).
-8
Let d = -782 - -782. Suppose d = -2*z - x - 7, -4*z - 3*x - 11 = 6. Let s(k) = -8*k - 1. Determine s(z).
15
Let g(h) = 11*h**3 - 62*h**2 - 62*h - 34. Let p(j) = 5*j**3 - 30*j**2 - 30*j - 16. Let v(n) = -6*g(n) + 13*p(n). What is v(-17)?
13
Let x(o) = o**2 + 6*o + 3. Suppose 4*l - 5*w - 13 = -0*w, -3*l + w = -7. Suppose -c = 8 - l. Give x(c).
3
Suppose 0 = 529*x - 544*x - 30. Let r(n) = n**3 + n**2 + 2. What is r(x)?
-2
Let m(o) = o**3 + 8*o**2 + 14*o - 6. Let p = 6599 + -6605. What is m(p)?
-18
Let o(h) be the second derivative of 1/2*h**2 - 2/3*h**3 - 3*h + 0. Suppose -3*c - 8 = -2*t, -20 = -5*t + 18*c - 23*c. Calculate o(t).
-15
Let c(r) = 92*r - 32. Let k(p) = -75*p + 34. Let f(l) = -4*c(l) - 5*k(l). Calculate f(8).
14
Let u(f) = 3*f - 77. Suppose 75*c - 1 + 1 = 3*c. Give u(c).
-77
Let y(a) = -a**3 + 2*a**2 - 3*a. Let d(p) = 2*p**2 - 3*p - 3. Let r = -11 + 8. Let i(s) = -2*s**2 - 8*s - 7. Let g be i(r). Let v be d(g). Determine y(v).
-6
Let l(u) = u**3 + 11*u**2 + 10*u + 10. Let t be 4 + (8 - (4 + 2)). Let q be t/11 + 2436/(-231). Calculate l(q).
10
Suppose d - 5*d = -16. Suppose -t + 3*s = -9, 2*t + 2*s = -2 + 4. Let b(k) = -5*k + 8*k + t*k**3 - d*k. Determine b(1).
2
Let r(z) be the third derivative of 0*z**4 + 0*z + 0*z**3 + 0 + 1/12*z**5 + 15*z**2. Suppose 5 = u + 4*u. Calculate r(u).
5
Let y(z) = -12*z - 131. Let b(s) = 10*s + 120. Let c(k) = 12*b(k) + 11*y(k). What is c(4)?
-49